?
2, 13, 176609
List the prime factors of 10075462.
2, 5037731
What are the prime factors of 980047?
980047
List the prime factors of 412365.
3, 5, 37, 743
List the prime factors of 30729.
3, 10243
List the prime factors of 5193522.
2, 3, 288529
What are the prime factors of 176313?
3, 58771
What are the prime factors of 3882784?
2, 67, 1811
List the prime factors of 5791282.
2, 7, 569, 727
List the prime factors of 225958.
2, 112979
What are the prime factors of 7979822?
2, 103, 38737
List the prime factors of 930368.
2, 14537
What are the prime factors of 22921419?
3, 41, 331, 563
What are the prime factors of 245360?
2, 5, 3067
What are the prime factors of 2096012?
2, 47, 11149
List the prime factors of 3040785.
3, 5, 11, 6143
List the prime factors of 55327.
61, 907
What are the prime factors of 17973585?
3, 5, 7, 57059
What are the prime factors of 4996311?
3, 1665437
What are the prime factors of 19074780?
2, 3, 5, 105971
List the prime factors of 7278956.
2, 1819739
What are the prime factors of 11213934?
2, 3, 1868989
List the prime factors of 2616617.
31, 84407
List the prime factors of 261350.
2, 5, 5227
List the prime factors of 4836008.
2, 227, 2663
List the prime factors of 43316.
2, 7, 13, 17
List the prime factors of 1913480.
2, 5, 47837
List the prime factors of 186569.
186569
List the prime factors of 363708.
2, 3, 10103
List the prime factors of 6711292.
2, 7, 239689
What are the prime factors of 695901?
3, 231967
What are the prime factors of 425693?
149, 2857
List the prime factors of 44518.
2, 22259
List the prime factors of 6257370.
2, 3, 5, 7, 83, 359
List the prime factors of 630849.
3, 210283
List the prime factors of 1136742.
2, 3, 29, 47, 139
List the prime factors of 1406126.
2, 73, 9631
What are the prime factors of 2853900?
2, 3, 5, 7, 151
What are the prime factors of 1146165?
3, 5, 43, 1777
List the prime factors of 855153.
3, 13, 7309
List the prime factors of 7511323.
41, 183203
What are the prime factors of 6721004?
2, 79, 21269
What are the prime factors of 532542?
2, 3, 17, 23, 227
List the prime factors of 3323571.
3, 331, 3347
List the prime factors of 3469609.
11, 13, 19, 1277
List the prime factors of 6921153.
3, 31, 8269
What are the prime factors of 37911?
3, 12637
List the prime factors of 5693234.
2, 2846617
List the prime factors of 200382.
2, 3, 7, 13, 367
What are the prime factors of 17040557?
59, 288823
What are the prime factors of 5451337?
571, 9547
What are the prime factors of 570237?
3, 67, 2837
List the prime factors of 499786.
2, 7, 29, 1231
List the prime factors of 2713318.
2, 1356659
List the prime factors of 1422799.
7, 439, 463
List the prime factors of 4426750.
2, 5, 17707
What are the prime factors of 772783?
11, 163, 431
What are the prime factors of 1072159?
11, 29, 3361
What are the prime factors of 2318680?
2, 5, 7, 13
List the prime factors of 2145325.
5, 7, 13, 23, 41
What are the prime factors of 3390034?
2, 43, 39419
List the prime factors of 356729.
29, 12301
What are the prime factors of 1710542?
2, 855271
What are the prime factors of 2911951?
7, 415993
What are the prime factors of 1030075?
5, 41203
List the prime factors of 2693889.
3, 11, 27211
What are the prime factors of 96366?
2, 3, 16061
List the prime factors of 1455478.
2, 211, 3449
List the prime factors of 537195.
3, 5, 59, 607
What are the prime factors of 42373?
42373
What are the prime factors of 461083?
7, 199, 331
What are the prime factors of 16841863?
53, 317771
List the prime factors of 8727.
3, 2909
List the prime factors of 54212.
2, 13553
What are the prime factors of 9334906?
2, 7, 31, 137, 157
List the prime factors of 18840344.
2, 2355043
List the prime factors of 54398.
2, 59, 461
What are the prime factors of 248023?
197, 1259
What are the prime factors of 23924?
2, 5981
What are the prime factors of 214976?
2, 3359
What are the prime factors of 797164?
2, 17, 19, 617
What are the prime factors of 173516?
2, 7, 6197
List the prime factors of 571893.
3, 7, 113, 241
What are the prime factors of 82885?
5, 11, 137
List the prime factors of 913334.
2, 313, 1459
List the prime factors of 10469746.
2, 7, 747839
What are the prime factors of 1353605?
5, 11, 24611
List the prime factors of 525773.
525773
What are the prime factors of 5026694?
2, 2513347
List the prime factors of 266169.
3, 17, 307
What are the prime factors of 161161?
7, 11, 13, 23
List the prime factors of 191675.
5, 11, 17, 41
List the prime factors of 651160.
2, 5, 73, 223
What are the prime factors of 9153?
3, 113
What are the prime factors of 2119081?
101, 20981
What are the prime factors of 27645561?
3, 109, 28181
List the prime factors of 9855903.
3, 17, 149, 1297
What are the prime factors of 2477749?
199, 12451
List the prime factors of 445149.
3, 16487
What are the prime factors of 320165?
5, 64033
What are the prime factors of 16523841?
3, 1559, 3533
List the prime factors of 20297643.
3, 17, 19, 20947
What are the prime factors of 1186451?
7, 169493
List the prime factors of 141160.
2, 5, 3529
List the prime factors of 796686.
2, 3, 11, 12071
What are the prime factors of 12468720?
2, 3, 5, 11, 4723
What are the prime factors of 1580?
2, 5, 79
What are the prime factors of 714139?
714139
List the prime factors of 68057.
11, 23, 269
What are the prime factors of 2857909?
43, 66463
List the prime factors of 243604.
2, 60901
List the prime factors of 175012.
2, 43753
What are the prime factors of 954374?
2, 139, 3433
What are the prime factors of 115169?
41, 53
What are the prime factors of 216536?
2, 27067
List the prime factors of 13591738.
2, 17, 399757
List the prime factors of 130259.
130259
List the prime factors of 327051.
3, 12113
List the prime factors of 209173.
209173
What are the prime factors of 14643244?
2, 7, 11, 47543
What are the prime factors of 4721694?
2, 3, 786949
List the prime factors of 3793218.
2, 3, 11, 13, 4421
List the prime factors of 1836313.
337, 5449
List the prime factors of 17969647.
23, 29, 929
What are the prime factors of 3215653?
7, 23, 19973
List the prime factors of 2868458.
2, 1434229
List the prime factors of 299491.
31, 9661
List the prime factors of 8488578.
2, 3, 7, 202109
List the prime factors of 8195233.
769, 10657
What are the prime factors of 3631246?
2, 911, 1993
What are the prime factors of 5253392?
2, 313, 1049
What are the prime factors of 29628067?
7, 4232581
What are the prime factors of 165185?
5, 33037
List the prime factors of 2760814.
2, 7, 19, 97, 107
List the prime factors of 821199.
3, 19, 14407
What are the prime factors of 54818?
2, 27409
What are the prime factors of 347130?
2, 3, 5, 7, 19, 29
What are the prime factors of 192507?
3, 7, 89, 103
What are the prime factors of 8808885?
3, 5, 23, 2837
List the prime factors of 8504787.
3, 797, 3557
What are the prime factors of 287507?
11, 59, 443
What are the prime factors of 23726376?
2, 3, 329533
List the prime factors of 3065225.
5, 122609
What are the prime factors of 489149?
31, 509
What are the prime factors of 4536382?
2, 17, 23, 5801
List the prime factors of 202879.
202879
What are the prime factors of 4585129?
4585129
List the prime factors of 921423.
3, 101, 3041
List the prime factors of 15539879.
659, 23581
List the prime factors of 16978055.
5, 167, 20333
What are the prime factors of 19409274?
2, 3, 17, 21143
What are the prime factors of 3252004?
2, 7, 37, 43, 73
List the prime factors of 1532903.
1532903
What are the prime factors of 720573?
3, 7, 34313
List the prime factors of 1833982.
2, 191, 4801
List the prime factors of 17233231.
37, 167, 2789
List the prime factors of 1229012.
2, 307253
List the prime factors of 1645168.
2, 7, 37, 397
List the prime factors of 1013247.
3, 112583
What are the prime factors of 598987?
598987
List the prime factors of 3247607.
11, 295237
What are the prime factors of 1485952?
2, 13, 19, 47
What are the prime factors of 1205421?
3, 7, 61, 941
List the prime factors of 3292001.
37, 193, 461
List the prime factors of 6716228.
2, 1679057
List the prime factors of 3368099.
7, 481157
List the prime factors of 53451.
3, 5939
List the prime factors of 704679.
3, 234893
What are the prime factors of 1788541?
127, 14083
What are the prime factors of 8200248?
2, 